
Is 54 a factor of 7443306?
True
Is 735 a factor of 133157010?
True
Is 8 a factor of 164743544?
True
Is 26926128 a multiple of 8?
True
Is 7628 a factor of 317948479?
False
Is 7634 a factor of 303657618?
True
Does 426 divide 5666226?
True
Does 111 divide 82081614?
True
Is 634 a factor of 23393332?
True
Is 489 a factor of 21249771?
False
Is 72 a factor of 13408632?
True
Is 11 a factor of 40789291?
False
Does 15 divide 1126606646?
False
Does 1153 divide 13037435?
False
Is 900 a factor of 108967500?
True
Does 1671 divide 6170289?
False
Is 9 a factor of 52959132?
True
Is 18979302 even?
True
Is 16234699 a multiple of 3354?
False
Is 36 a factor of 98186999?
False
Does 4624 divide 416557878?
False
Is 40 a factor of 225477831?
False
Is 101012300 a multiple of 92?
False
Is 182855834 a multiple of 1592?
False
Is 2341 a factor of 12520668?
False
Is 6653638333 a multiple of 9542?
False
Does 1335 divide 15582719?
False
Is 52205472 a multiple of 44?
True
Is 11344740 a multiple of 20?
True
Is 14658902 a multiple of 215?
False
Is 117344084 a multiple of 286?
True
Is 241 a factor of 84517013?
True
Is 87 a factor of 98316960?
True
Is 395 a factor of 44835977?
False
Is 1305922976 a multiple of 509?
True
Does 154 divide 56148999?
False
Is 8 a factor of 126059739?
False
Does 4176 divide 1722983181?
False
Does 567 divide 24981692?
False
Is 365281809 a multiple of 502?
False
Is 577591308 a multiple of 18?
True
Is 19241645 a multiple of 4?
False
Is 167 a factor of 29496150?
False
Is 12 a factor of 350039424?
True
Does 58 divide 142803656?
True
Is 146651673 a multiple of 164?
False
Is 3237 a factor of 1226654676?
True
Is 570 a factor of 12928829?
False
Is 6 a factor of 76273500?
True
Is 45947626 a multiple of 648?
False
Does 3295 divide 150482860?
False
Does 36 divide 34398923?
False
Is 15 a factor of 2018010?
True
Does 1411 divide 130139352?
True
Is 20 a factor of 28660440?
True
Does 1333 divide 867343871?
False
Is 1613180670 a multiple of 449?
True
Is 231183568 a multiple of 77?
True
Is 1211028749 a multiple of 42?
False
Is 31197874 a multiple of 326?
True
Is 266659512 a multiple of 1439?
False
Does 2598 divide 53588946?
True
Is 31338644 a multiple of 1029?
False
Is 147888221 a multiple of 348?
False
Does 52 divide 2077417121?
False
Is 245 a factor of 109714782?
False
Is 15573 a factor of 1154566647?
True
Is 408743608 a multiple of 11?
False
Is 544509521 a multiple of 20?
False
Does 942 divide 225016360?
False
Is 7 a factor of 253018808?
True
Is 1038 a factor of 252088082?
False
Is 23724792 a multiple of 2769?
True
Is 3 a factor of 3335332?
False
Does 28 divide 180378179?
False
Is 33 a factor of 58706143?
False
Is 82601812 a multiple of 34?
False
Does 81 divide 67388679?
True
Does 9 divide 29263070?
False
Does 60 divide 5344800?
True
Is 641 a factor of 715402152?
True
Does 366 divide 1052452032?
True
Does 601 divide 42865724?
True
Is 13 a factor of 120224410?
False
Is 25 a factor of 188045150?
True
Is 52 a factor of 262373800?
True
Is 1757805108 a multiple of 1636?
True
Is 151284746 a multiple of 1530?
False
Is 6737560 a multiple of 4?
True
Is 76 a factor of 2001204032?
True
Does 744 divide 57183888?
False
Is 28742945 a multiple of 101?
False
Does 226 divide 32585668?
False
Is 1370625562 a multiple of 625?
False
Does 7 divide 656948260?
False
Does 277 divide 1585397?
False
Does 36 divide 23109874?
False
Is 10314416 a multiple of 8?
True
Does 48 divide 57882407?
False
Is 11 a factor of 515038095?
True
Is 14574295 a multiple of 9?
False
Does 493 divide 81463209?
False
Is 25516756 a multiple of 32?
False
Does 29 divide 6724748?
False
Does 393 divide 43437504?
True
Does 5603 divide 2176087537?
True
Does 3 divide 14920823?
False
Is 15 a factor of 305107708?
False
Is 14242 a factor of 403262230?
True
Does 2 divide 139546647?
False
Is 174625670 a multiple of 1840?
False
Is 22 a factor of 10660650?
True
Is 65853710 a multiple of 1349?
False
Is 17 a factor of 3606762?
False
Does 2840 divide 1648381440?
True
Does 18 divide 20367501?
False
Is 833 a factor of 315370468?
True
Is 1513 a factor of 147472306?
False
Is 143447162 a multiple of 469?
False
Is 549 a factor of 41395698?
True
Is 15 a factor of 383333280?
True
Is 5258 a factor of 74889694?
True
Is 1589 a factor of 78931671?
False
Does 127 divide 53557505?
False
Is 3013 a factor of 2767048810?
True
Is 30 a factor of 1219239150?
True
Is 1180741632 a multiple of 402?
False
Is 849 a factor of 53885290?
False
Does 455 divide 534857406?
False
Is 1617360 a multiple of 24?
True
Is 1949539 a multiple of 101?
False
Is 983 a factor of 65949470?
True
Is 1197 a factor of 86993172?
True
Is 117027991 a multiple of 3344?
False
Is 5 a factor of 997662243?
False
Does 55 divide 3530136?
False
Is 780458257 a multiple of 1831?
True
Is 46951354 a multiple of 312?
False
Does 1640 divide 53664447?
False
Is 467 a factor of 314144362?
True
Is 836915 a multiple of 13?
False
Does 69 divide 798589389?
False
Is 3 a factor of 6316403?
False
Is 115 a factor of 50607820?
True
Is 1433362 a multiple of 43?
True
Is 112924539 a multiple of 91?
True
Is 1000155240 a multiple of 20?
True
Is 69 a factor of 38737965?
False
Does 32 divide 2196637952?
True
Is 4958 a factor of 530440076?
False
Is 1454 a factor of 2453820942?
False
Is 9 a factor of 12969366?
False
Does 34 divide 2382210?
True
Is 729 a factor of 33710249?
False
Is 3 a factor of 378212786?
False
Does 84 divide 35232288?
True
Is 336000913 a multiple of 4?
False
Is 5309 a factor of 357550532?
True
Is 46 a factor of 5406920?
False
Does 1125 divide 25952323?
False
Is 991510562 a multiple of 290?
False
Is 264 a factor of 12677097?
False
Does 19 divide 289668195?
False
Is 3661812 a multiple of 28?
True
Is 180610293 a multiple of 146?
False
Does 33 divide 7213899?
True
Does 130 divide 44718492?
False
Is 733 a factor of 806286073?
True
Is 10 a factor of 4656326?
False
Does 35 divide 8064735?
True
Is 25603832 a multiple of 172?
False
Is 117676416 a multiple of 48?
True
Is 26832377 a multiple of 77?
False
Is 485 a factor of 10099791?
False
Is 1546 a factor of 86875187?
False
Is 464 a factor of 411917941?
False
Is 4 a factor of 2514621?
False
Is 8 a factor of 127961264?
True
Does 13 divide 160260744?
False
Is 156 a factor of 210674200?
False
Is 247354620 a multiple of 2220?
True
Is 5755630318 a multiple of 16?
False
Is 28 a factor of 19751872?
True
Is 733106855 a multiple of 533?
True
Does 161 divide 142670185?
False
Does 78 divide 1917717126?
True
Is 20172982 a multiple of 72?
False
Does 1169 divide 115345174?
False
Does 99 divide 26114615?
False
Does 3545 divide 804789886?
False
Is 123 a factor of 24572325?
True
Is 190 a factor of 24657613?
False
Does 202 divide 169617066?
False
Is 4 a factor of 233152958?
False
Does 12 divide 29098080?
True
Is 839857594 a multiple of 596?
False
Is 265 a factor of 1817141055?
False
Is 8871614 a multiple of 8?
False
Is 189899359 a multiple of 89?
False
Is 39747051 a multiple of 31?
False
Is 65086742 a multiple of 38?
True
Is 11649512 a multiple of 108?
False
Does 24 divide 430053497?
False
Is 142 a factor of 3104795016?
False
Does 784 divide 1279934880?
True
Is 9110703 a multiple of 21?
True
Is 4 a factor of 49255632?
True
Is 5007292 a multiple of 3861?
False
Does 38 divide 51142829?
False
Does 15 divide 236770920?
True
Is 9599841 a multiple of 9?
True
Does 68 divide 1216834127?
False
Does 511 divide 32672319?
False
Is 140 a factor of 86747007?
False
Does 1696 divide 129277600?
True
Is 1554021568 a multiple of 961?
True
Is 1591 a factor of 13509808?
False
Does 2310 divide 295583335?
False
Is 60256256 a multiple of 10?
False
Is 230 a factor of 811998029?
False
Is 1768 a factor of 898608984?
True
Is 4 a factor of 124446612?
True
Is 40 a factor of 1478083674?
False
Is 118 a factor of 78724050?
False
Does 15 divide 1025147154?
False
Is 38 a factor of 4074552?
False
Is 753 a factor of 896047746?
False
Does 147 divide 7103040?
True
Is 3628 a factor of 2967976100?
True
Is 20 a factor of 7764440?
True
Is 129153986 a multiple of 185?
False
Does 75 divide 3957153000?
True
Does 3 divide 6560517?
True
Is 145 a factor of 39267435?
False
Is 31341664 a multiple of 103?
True
Is 368997077 a multiple of 658?
False
Is 429 a factor of 11631906?
True
Is 1685031963 a multiple of 8692?
False
Does 2